 divided by 14194?
81
What is the remainder when 54512 is divided by 9061?
146
Calculate the remainder when 2434331 is divided by 1217161.
9
Calculate the remainder when 66823 is divided by 908.
539
Calculate the remainder when 28488444 is divided by 699.
0
Calculate the remainder when 262995 is divided by 82.
21
What is the remainder when 1898120 is divided by 1406?
20
What is the remainder when 1588934 is divided by 606?
2
What is the remainder when 223491886 is divided by 14847?
14842
Calculate the remainder when 2294655 is divided by 213.
6
Calculate the remainder when 6446 is divided by 620.
246
Calculate the remainder when 5483925 is divided by 34706.
377
What is the remainder when 230597 is divided by 14412?
5
What is the remainder when 6975137 is divided by 3487544?
49
What is the remainder when 38969 is divided by 38950?
19
Calculate the remainder when 2185974 is divided by 1.
0
Calculate the remainder when 2638868 is divided by 14907.
329
Calculate the remainder when 812210 is divided by 1562.
1532
Calculate the remainder when 1646342 is divided by 1190.
572
Calculate the remainder when 559065 is divided by 360.
345
What is the remainder when 44551 is divided by 20942?
2667
What is the remainder when 260610 is divided by 11?
9
What is the remainder when 3907710 is divided by 35?
30
Calculate the remainder when 89368 is divided by 44534.
300
Calculate the remainder when 15628850 is divided by 7.
6
What is the remainder when 31991 is divided by 15147?
1697
Calculate the remainder when 1111506 is divided by 1770.
1716
Calculate the remainder when 1131862 is divided by 159.
100
What is the remainder when 10336659 is divided by 574253?
105
What is the remainder when 15565997 is divided by 122?
17
Calculate the remainder when 24133 is divided by 6773.
3814
What is the remainder when 1323667 is divided by 441191?
94
Calculate the remainder when 3188999 is divided by 1161.
893
Calculate the remainder when 15187 is divided by 1571.
1048
What is the remainder when 428361 is divided by 1530?
1491
Calculate the remainder when 39289381 is divided by 3.
1
What is the remainder when 80724167 is divided by 26908033?
68
What is the remainder when 1133012 is divided by 21?
20
Calculate the remainder when 1900738 is divided by 571.
450
What is the remainder when 338278 is divided by 42266?
150
Calculate the remainder when 41030208 is divided by 2303.
2263
Calculate the remainder when 1840457 is divided by 221.
190
What is the remainder when 21164 is divided by 5234?
228
What is the remainder when 84550778 is divided by 139?
136
Calculate the remainder when 1320863 is divided by 2.
1
What is the remainder when 5103958 is divided by 196306?
2
Calculate the remainder when 130130260 is divided by 212.
208
What is the remainder when 8994082 is divided by 183?
181
What is the remainder when 4077796 is divided by 1359147?
355
Calculate the remainder when 24789 is divided by 1735.
499
Calculate the remainder when 7497294 is divided by 153006.
0
Calculate the remainder when 88987538 is divided by 7841.
29
What is the remainder when 1377449 is divided by 229289?
1715
Calculate the remainder when 198583 is divided by 1175.
8
Calculate the remainder when 288740 is divided by 91.
88
Calculate the remainder when 5963483 is divided by 5963468.
15
Calculate the remainder when 8502035 is divided by 8501957.
78
Calculate the remainder when 88265 is divided by 1448.
1385
Calculate the remainder when 121042 is divided by 3347.
550
What is the remainder when 9617292 is divided by 2404323?
0
Calculate the remainder when 563496 is divided by 15647.
204
What is the remainder when 179393 is divided by 2891?
151
Calculate the remainder when 7614 is divided by 7585.
29
What is the remainder when 6091197 is divided by 162?
159
Calculate the remainder when 3446327 is divided by 861493.
355
What is the remainder when 34139429 is divided by 45?
44
What is the remainder when 132899 is divided by 494?
13
Calculate the remainder when 975176 is divided by 325057.
5
Calculate the remainder when 606881 is divided by 1438.
45
What is the remainder when 178557 is divided by 89206?
145
Calculate the remainder when 236671257 is divided by 83.
77
Calculate the remainder when 257539 is divided by 1456.
1283
What is the remainder when 719680 is divided by 23989?
10
What is the remainder when 311671 is divided by 7416?
199
What is the remainder when 124185 is divided by 169?
139
Calculate the remainder when 8696150 is divided by 4348030.
90
Calculate the remainder when 1544045 is divided by 79.
69
Calculate the remainder when 80034 is divided by 726.
174
Calculate the remainder when 3021909 is divided by 842.
813
Calculate the remainder when 12040310 is divided by 1505033.
46
Calculate the remainder when 921334 is divided by 9122.
12
What is the remainder when 8065927 is divided by 406?
331
What is the remainder when 1601843 is divided by 1199?
1178
What is the remainder when 3340662 is divided by 24?
6
What is the remainder when 3735919 is divided by 3735897?
22
What is the remainder when 118831707 is divided by 698?
697
What is the remainder when 26267 is divided by 8545?
632
Calculate the remainder when 1009355 is divided by 126167.
19
Calculate the remainder when 8120202 is divided by 1015023.
18
Calculate the remainder when 1087696 is divided by 6.
4
What is the remainder when 5231238 is divided by 2615481?
276
Calculate the remainder when 3800803 is divided by 90495.
13
What is the remainder when 3104402 is divided by 307?
18
Calculate the remainder when 22588144 is divided by 7.
5
What is the remainder when 806472 is divided by 1491?
1332
Calculate the remainder when 83121 is divided by 13672.
1089
What is the remainder when 109516 is divided by 109468?
48
What is the remainder when 15442636 is divided by 5147533?
37
Calculate the remainder when 692387 is divided by 173030.
267
Calculate the remainder when 3313192 is divided by 1104395.
7
What is the remainder when 1781424 is divided by 1602?
0
What is the remainder when 718425 is divided by 5202?
549
What is the remainder when 5730931 is divided by 2585?
2571
Calculate the remainder when 2725068 is divided by 272506.
8
Calculate the remainder when 280559 is divided by 3218.
593
What is the remainder when 204773054 is divided by 309?
299
Calculate the remainder when 81336689 is divided by 86.
39
What is the remainder when 29625 is divided by 3708?
3669
What is the remainder when 1097156 is divided by 13714?
36
Calculate the remainder when 1368042 is divided by 1003.
953
What is the remainder when 202265186 is divided by 67421725?
11
What is the remainder when 565775 is divided by 188343?
746
Calculate the remainder when 9002704 is divided by 140.
4
Calculate the remainder when 1877361 is divided by 295.
276
Calculate the remainder when 25071047 is divided by 6970.
6927
Calculate the remainder when 83589 is divided by 272.
85
What is the remainder when 622034 is divided by 13820?
134
What is the remainder when 7609116 is divided by 1372?
4
Calculate the remainder when 580296 is divided by 580275.
21
What is the remainder when 1120126 is divided by 7651?
3080
Calculate the remainder when 483767 is divided by 2178.
251
Calculate the remainder when 9112890 is divided by 911.
157
Calculate the remainder when 2660375 is divided by 21114.
11
Calculate the remainder when 199994 is divided by 66636.
86
What is the remainder when 247469 is divided by 49459?
174
What is the remainder when 3392547 is divided by 94237?
15
Calculate the remainder when 98917 is divided by 2513.
910
What is the remainder when 4860551 is divided by 40?
31
Calculate the remainder when 245149 is divided by 24484.
309
What is the remainder when 540259 is divided by 175?
34
What is the remainder when 4031637 is divided by 7620?
657
What is the remainder when 22160247 is divided by 10?
7
Calculate the remainder when 184304855 is divided by 33.
20
Calculate the remainder when 3557348 is divided by 2304.
2276
What is the remainder when 11244690 is divided by 2811169?
14
What is the remainder when 5712854 is divided by 1074?
248
What is the remainder when 1338497 is divided by 36168?
281
Calculate the remainder when 9361067 is divided by 208023.
32
What is the remainder when 